What are the prime factors of d?
3, 5
Let s(w) = 20 + 0*w + 1 - w + 3*w. Let l(z) = 2*z + 22. Let m(f) = 3*l(f) - 2*s(f). List the prime factors of m(7).
2, 19
Let m(n) = -n - 2. Let k be m(-5). List the prime factors of (k + -2)*(55 + -4).
3, 17
Suppose g - 3*k - 598 = 0, -g - 3*k - 2*k + 606 = 0. What are the prime factors of g?
601
Let z = -875 + 1675. List the prime factors of z.
2, 5
Let f(w) = -w**3 - 7*w**2 - 6*w + 3. Let o be f(-5). Suppose -5*s + 4*s + 4*r - 22 = 0, -2*r + 74 = -2*s. Let y = o - s. What are the prime factors of y?
5
Suppose -87 = -5*m + 3*a, -m - 2*a + 5*a = -15. Let b = -29 - -41. List the prime factors of ((-40)/b)/((-3)/m).
2, 5
Suppose a = k - 1539, -5*k + 7725 = -34*a + 35*a. List the prime factors of k.
2, 193
Suppose -g + 3*j + 2013 = 0, -9975 = -6*g + g - 3*j. What are the prime factors of g?
2, 3, 37
Let t(u) = 6*u**3 - 2*u**2 + u - 1. Let h be t(1). Suppose -18 = -2*a - 3*a + h*y, 2*a + 4*y + 4 = 0. Suppose a*s + 6 = 3*s. List the prime factors of s.
2, 3
Suppose -5564*t = -5567*t + 6072. List the prime factors of t.
2, 11, 23
Suppose -54*t + 85758 = -3612. List the prime factors of t.
5, 331
Let m(b) = 3*b**2 - 11*b + 2. Let k(j) = -j**2 + j. Let a(x) = -6*k(x) - m(x). Let v be -3 + -7*(-7)/7. List the prime factors of a(v).
2, 3, 11
Let r be (-174)/(-21) - 10/35. Let u be (72/(-54))/(r/(-6)). What are the prime factors of (u + -27)*(-1)/2?
13
Let r(d) = 4*d**2 + 10*d + 19. What are the prime factors of r(-13)?
5, 113
Suppose g - 3*g - 280 = -5*i, i = 2*g + 264. List the prime factors of (102/4)/((-39)/g).
5, 17
Let r(n) = n**3 + 6*n**2 - n - 14. Let b be r(-7). Let v = 68 + b. What are the prime factors of v?
2, 3
Suppose -47*g + 2*g + 82440 = 0. What are the prime factors of g?
2, 229
Let l(g) = 444*g - 51. List the prime factors of l(1).
3, 131
What are the prime factors of 261 + (-2)/16*0?
3, 29
Suppose 14 = 3*b + 5. Let g be 23 + 1/1 + -2. Suppose b*i - g = 2*i. List the prime factors of i.
2, 11
Let b(s) be the second derivative of s**4/3 - 4*s**3/3 + 3*s**2/2 + 2*s. List the prime factors of b(5).
3, 7
List the prime factors of (1 - (-18)/(-22)) + 8072064/3146.
2, 1283
Let y = -770 + 1285. List the prime factors of y.
5, 103
Let w = -12 - -7. Let n be ((-6)/(-10) - 0)*w. What are the prime factors of (2 + -4)*-4 - n?
11
Let l(g) = 2 - 5*g**2 + 14*g**2 + 3*g - 5*g**3 - 7*g**2. What are the prime factors of l(-2)?
2, 11
Let n(r) = -r**3 + 12*r**2 + 3. Let y be n(12). Suppose 3*h - 4*s - 9 = 0, 2*h + y*s + s = 6. Suppose h*q - 63 = 51. What are the prime factors of q?
2, 19
Suppose 5*p - 28 = -3*j, p - 4*p = 2*j - 18. Suppose j*v = 11*v. Suppose l - 4*t + 13 = v, -4*l + 10 = -3*t - 3. List the prime factors of l.
7
Let b(t) = 6*t**2 + 11*t + 1. Let h = -35 + 31. What are the prime factors of b(h)?
53
Suppose -72*n - 5004 = -76*n. List the prime factors of n.
3, 139
Suppose 5*b - 1 = 4. Suppose w + b = -11. Let h(d) = d**2 + 12*d + 17. List the prime factors of h(w).
17
Let v(l) = -3*l**2 + 8*l + 7. Let p be v(3). Let i be ((-3)/6 - 0)*-82. Suppose 2*j + 5*f = 50 + i, -p*f - 26 = -j. List the prime factors of j.
2, 19
Let g = 199 - 107. List the prime factors of g/16*(-1 - -13).
3, 23
Suppose -4445 = -11*v - 1321. What are the prime factors of v?
2, 71
Let p(w) = 18 - 4 + 9*w + 0 + 2*w**2. Let n be p(-6). Let b = n - -7. List the prime factors of b.
3, 13
Let y(d) = -d**2 + d. Let q be y(8). Let g = q - -142. Let m = 130 - g. What are the prime factors of m?
2, 11
Let b be (-304)/(-10) - 4/10. Suppose 4*w - 3*w + t = 4, -5*w = -5*t - 20. Let s = b - w. List the prime factors of s.
2, 13
Let b be (2/(-4))/((-4)/24). Suppose j - 240 = -b*j. What are the prime factors of j?
2, 3, 5
Let s(g) = -1 - 41*g - 67*g + 0*g. What are the prime factors of s(-1)?
107
Let n be ((-688)/32)/((-2)/4). Suppose 3*l - 4*l = n. Let t = l + 96. List the prime factors of t.
53
Let j(h) = -h**2 + 13*h - 12. Let d be j(9). Suppose 0 = -6*l + d + 18. List the prime factors of l.
7
Suppose 3*n = 2*w + 1226, 2*n - 904 = 4*w - 76. List the prime factors of n.
2, 7, 29
Let s(h) = 20*h + 23. Let j(k) = 13*k + 15. Let x(g) = -8*j(g) + 5*s(g). Let d be x(-2). Suppose -2*z + 185 = d*z. List the prime factors of z.
37
Suppose m = 3*a + 113, a + 36 = -0*a + 2*m. Let n = 17 - a. What are the prime factors of n?
5, 11
Let p(j) = 13*j**2 + 25*j - 169. What are the prime factors of p(9)?
1109
Let r be (-84)/35*(-10)/4. Suppose -384 = r*h - 2*h. Let a = -60 - h. What are the prime factors of a?
2, 3
Let p(z) = -7 + z - 8*z + 4*z**3 - 3*z - 3*z**3 - 6*z**2. What are the prime factors of p(8)?
41
Suppose -5*s = 374 + 351. Let g = -97 - s. What are the prime factors of g?
2, 3
Suppose 18 - 4 = 2*c + 5*y, -4*c + 2*y = 20. List the prime factors of -1 - -57 - (c - (-8 - -2)).
53
Suppose -1 = -5*g + 3*s - 0, 3*s = 9. Suppose -v = -2*c - 195, -v - 193 = -g*v + 3*c. List the prime factors of v.
199
Suppose 343 = 3*s - 92. Let l = s - 47. What are the prime factors of l?
2, 7
Let y(p) = -p**3 - 6*p**2 - 2*p + 11. Suppose 36 = -3*w + 5*i, -15 = -8*i + 3*i. What are the prime factors of y(w)?
2, 37
What are the prime factors of 3*((-2530)/(-15) + 1)?
509
Let b(k) = 3*k + 18. Let q(p) = p + 5. Let x(s) = 5*b(s) - 18*q(s). Let f be x(-1). Suppose -j - g - 1 = -47, -2*g = f*j - 143. What are the prime factors of j?
3, 17
Let m(r) be the second derivative of -7*r**3/3 - 3*r**2/2 - 10*r. What are the prime factors of m(-4)?
53
Suppose 21*a - 90828 = -33*a. What are the prime factors of a?
2, 29
Let k(d) = -d**2 - 14*d + 19. Let r be k(-15). Suppose 5*m - 2*x = -0*m + 32, 5*x = 3*m - r. What are the prime factors of m?
2
Suppose 4*d - 4 = 8. Suppose -2*s + d*s = -4. Let n(b) = b**3 + 4*b**2 - b + 2. List the prime factors of n(s).
2, 3
Suppose -892*z + 870*z = -17292. List the prime factors of z.
2, 3, 131
What are the prime factors of 10 + -9 - (-754 - 0/(-2))?
5, 151
Suppose 389*q - 395*q = -774. List the prime factors of q.
3, 43
Suppose -36 = -4*t + 2*b, 0*t + 2*t = 2*b + 16. Suppose 5*z - t*z = -30. List the prime factors of z.
2, 3
Suppose 2*q - 1009 = 677. Suppose 5*z = 3*o + 867, 0*o + 3*o - q = -5*z. List the prime factors of z.
3, 19
Suppose -6*v + 7015 + 4817 = 0. What are the prime factors of v?
2, 17, 29
Let n(h) = 188*h**2 - 7*h + 11. What are the prime factors of n(2)?
7, 107
Suppose -279 = -5*g + 1056. Suppose -2*i + g = 3*a, -a - i + 79 = 3*i. List the prime factors of a.
7, 13
Suppose 3*p + 529 = -4*x, 0 + 4 = 4*p. What are the prime factors of x*4/14*-3?
2, 3, 19
Suppose 0 = -o - 2*m + 346, -2*m - 3*m + 1710 = 5*o. Suppose 7*z = o + 96. What are the prime factors of z?
2, 31
Let u be (-56)/(-20) - (-1)/5. Suppose -i + 10 = c, 30 = u*i - c - 4*c. Suppose -2*o = -2*p - i, -o + 57 = 4*o + 3*p. List the prime factors of o.
3
Suppose -9*l + 2*l = -77. Suppose 3*b = 61 + l. List the prime factors of b.
2, 3
Let r be 2 + 2/4*74. Let u = r + -23. Let b = -3 + u. What are the prime factors of b?
13
Suppose 0 = -3*g - 3*b + 1308, -14*g - 4*b = -9*g - 2184. What are the prime factors of g?
2, 5, 11
Let m be -2*((-6)/4 - -1). Let d(a) be the second derivative of 10*a**3/3 - a**2 - 4*a + 2. List the prime factors of d(m).
2, 3
Suppose -4*k + 2*r + 2 = -6, -r = 2*k - 8. Suppose k*t = 4*t. Suppose t = 3*p - 4 - 5. List the prime factors of p.
3
Let d(i) = -i**3 - 42*i**2 - 67*i + 77. What are the prime factors of d(-41)?
3, 127
Suppose -531*p - 55350 = -546*p. List the prime factors of p.
2, 3, 5, 41
Let t be (-1)/((2/(-9))/2). Let m(q) = -q**2 + 9*q. Let o be m(t). Suppose o*z = -5*z + 60. What are the prime factors of z?
2, 3
Suppose 61*a - 8004 = 38*a. List the prime factors of a.
2, 3, 29
Let n = -119 - -526. What are the prime factors of n?
11, 37
Let b(d) = -3*d - 3. Let s be b(-2). What are the prime factors of s/((-54)/(-1140))*12/10?
2, 19
Let g be 36/8 - 6/12. Suppose -7 + g = -l. What are the prime factors of -41*(-5 + l + 1)?
41
Suppose 2*d - t = -12, 4*t = -2*d + 3 + 5. Let x(a) = 2*a**2 - 2*a + 8. List the prime factors of x(d).
2, 3
Let w = -50 + 54. Suppose -2*n + w*n = 380. What are the prime factors of n?
2, 5, 19
What are the prime factors of -5 + 83 - (4 - -2)?
2, 3
Suppose 4*b = 3*b - 5*r - 16, 2*b - 4*r + 46 = 0. Let q be (-188)/6*